u be i(a). Calculate j(u).
3
Let p = 2 - 1. Let j(z) = 22*z**3 - 6*z**2 - 4. Let u(o) = -15*o**3 + 4*o**2 + 3. Let c(d) = 5*j(d) + 7*u(d). Calculate c(p).
4
Let h(u) be the first derivative of -u**2/2 + 5*u - 1. Let o = 4 - 4. Suppose o + 4 = l. What is h(l)?
1
Let b(n) be the third derivative of -n**4/12 + n**3/6 - n**2. Let t(d) = d + 29. Let r be t(-9). Suppose 4*l = -r + 4. Determine b(l).
9
Let g(i) = -i**3 + 4*i**2 - 4*i + 1. Let v = -3 + 18. Suppose 0*j = -5*j + v. Let f be j/(-2)*(-2)/1. Calculate g(f).
-2
Suppose -2*u + 6*u = 20. Let j = -8 + u. Let k(x) = x**2 + 4*x - 1. Calculate k(j).
-4
Let g(c) be the second derivative of c**4/12 + 4*c**3/3 + 4*c**2 - 24*c. Determine g(-6).
-4
Suppose -4*d + 0*d = -12. Let c(q) = 1 - 2 + 0 + q - 3. Give c(d).
-1
Suppose 0 = l - 1 - 0. Let m = -2 - l. Let p(u) = -u**3 - 3*u**2 - u - 2. Give p(m).
1
Suppose 5*b - 2*s + 42 = 7, -21 = 3*b - 4*s. Let y(p) be the first derivative of p**4/4 + 8*p**3/3 + 4*p**2 + 7*p + 2. Determine y(b).
0
Let t = -41 - -36. Let q(c) = -c - 1. Calculate q(t).
4
Let q(m) be the third derivative of -m**7/840 + m**6/720 - m**5/20 + m**2. Let z(a) be the third derivative of q(a). What is z(1)?
-5
Suppose -2*z - 12 + 4 = 0. Suppose -n - 1 = -2*n. Let x(u) = -2*u - n + u - 6. Give x(z).
-3
Let t(j) = j - 8. Let c be 0*2*3/6. Let b(x) = -x + 4. Let k be b(c). What is t(k)?
-4
Let k(t) = 2*t**2 - 8 + 23 - 9 - 5*t. Determine k(4).
18
Let i(z) be the first derivative of -z**4/12 - z**3/3 + z**2 - 2. Let m(w) be the second derivative of i(w). Determine m(2).
-6
Suppose 0 = -z - 2*s - 4, s + 0*s = -2. Let y(k) = k**3 - k**2 + k + 10. What is y(z)?
10
Let c(h) = -1. Let y(v) = -2*v - 4. Let k(x) = -5*c(x) + y(x). Suppose -14 = -a + 11. Let d = a + -29. Give k(d).
9
Let o(h) be the third derivative of h**7/5040 + h**6/144 - h**5/20 - h**2. Let k(s) be the third derivative of o(s). Calculate k(-5).
0
Let j(m) be the first derivative of m**2/2 + m + 4. Let q(l) = 5*l + 10. Let n(d) = -4*j(d) + q(d). Calculate n(-5).
1
Let u(n) = 2*n**3 - 7*n**2 + 0*n**3 - 7 - 3*n**3 + 3*n - 4*n. Determine u(-7).
0
Let j(a) = 3 - 2*a - a + 2*a + 5*a. Give j(-6).
-21
Let x = -11 - -15. Let d = 16 - -4. Suppose -2*c - 3*n - x = -15, 0 = 4*n - d. Let q(v) = -v + 2. Give q(c).
4
Let t(y) = -2*y**2. Let i be (3 - (-4)/(-2))/1. Let r be t(i). Let x(z) = z**3 - 2*z**2 - 4*z - 2. Give x(r).
-10
Suppose -19*k + 14*k = 0. Let w(b) = b - 11. Determine w(k).
-11
Suppose -2*n + j - 3 = -11, -3*j = 6. Let d(k) = 3*k + 1. Let h(t) = 5*t + 1. Let c(y) = -7*d(y) + 4*h(y). Determine c(n).
-6
Let k(p) = p**2 - p - p + 4*p. Suppose -3*w + 6*v + 14 = v, 2*w + 12 = -2*v. Calculate k(w).
0
Let g(y) = 4*y - 2289*y**2 + 2290*y**2 + 4 - 1. Let u(a) = -a**3 + 4*a**2 - a. Let f be u(4). Let m = 2 + f. Give g(m).
-1
Let a(l) = -4*l**2 - 8*l + 5. Let f(y) = y**2 + y - 1. Let g(o) = a(o) + 5*f(o). Let p be -2 - (4 + -7 - (-1 - -4)). What is g(p)?
4
Suppose -1 - 1 = -3*a + 4*v, -3*a + 3*v = 3. Let r(w) = -2*w - 8. Calculate r(a).
4
Let b(u) = -u**3 - 2*u**2 + 2. Suppose 3*f - 13 = -4. Let d = f - 6. Give b(d).
11
Let x be 16/(-12) + (-10)/(-3). Let n(t) be the first derivative of -2*t + 1/4*t**4 + x - 1/2*t**2 + 0*t**3. Give n(-2).
-8
Let w be (-1 - -2) + 2 + 0. Suppose w*z = -z. Let k(m) = m**2 + 6. Calculate k(z).
6
Let l(o) = o**2 + 4*o + 1. Suppose 4 = 4*x - 6*x, 2*r - 14 = 4*x. Suppose -4*b - 4 = -r*b. Determine l(b).
1
Let j(p) = p + 8. Suppose 0 = -2*l + o + 1 + 9, -18 = -2*l - 3*o. Calculate j(l).
14
Let o(q) = 2*q**3 + 3*q**2 + q. Let h be ((-2)/7)/(3/21). Determine o(h).
-6
Suppose 3*r - 8 = -0*c - 2*c, -r + 6 = 4*c. Let o(n) be the first derivative of -n**3/3 + 2*n - 1. What is o(r)?
-2
Let d(y) = 2*y - 3. Let j = -36 - -38. What is d(j)?
1
Let b = 53 + -55. Let u(d) = -d**3 - 3*d**2 - d - 1. Give u(b).
-3
Let p(x) = -x**2 - 3*x + 2. Let d be p(-3). Let l(i) = -3*i**d + 3*i + i + i + 5*i**2 - 4. What is l(-4)?
8
Let x(c) = c**2 + 5*c - 7. Let l be (-1)/3*(1 + 2). Let s = l + -6. Give x(s).
7
Let v(t) = -t + 1. Let z(x) = 6*x - 13. Let g(r) = 5*v(r) + z(r). Suppose 3*u - 13 = 2. Calculate g(u).
-3
Suppose 2*l - 2 = 2. Let d(n) = -6*n + n**l + 4*n + 2*n - 2. Determine d(-2).
2
Suppose 0*s = s - 3*r - 10, s + 2*r = 0. Suppose 3*p = -s*y + 31, 5*p - 5 = 2*y + 3*y. Let a(z) = z**2 - 2*z - 3. Calculate a(p).
12
Let w(m) be the second derivative of 9/20*m**5 - 1/2*m**2 + 0 + 3*m - 1/6*m**4 - 1/3*m**3. Give w(-1).
-10
Let x(h) = -h. Let q be (2 - 2)/(6/3). Let j(n) = n**2 + n - 3. Let s be j(q). Let b be (1/s)/(3/(-27)). What is x(b)?
-3
Suppose -r + 10 = r. Let g(h) = -3*h**2 + 18*h - 20. Let i(n) = -n**2 + 6*n - 7. Let b(y) = -3*g(y) + 8*i(y). What is b(r)?
-1
Let i = 0 + 5. Let m(f) = f. Let n(v) = v - 1. Let g be 2/(-2) - 3*-2. Let s(w) = g*n(w) - 4*m(w). Give s(i).
0
Let p(l) = -84*l - 4 - 2 + 82*l - 6. Determine p(-10).
8
Let w(v) be the second derivative of -v**5/120 - 7*v**4/24 - 5*v**3/6 + v. Let d(m) be the second derivative of w(m). Calculate d(6).
-13
Let z(h) = 7*h**2 + 2*h + 11. Let o(y) = 6*y**2 + y + 10. Let w(n) = -6*o(n) + 5*z(n). What is w(5)?
-10
Let k(a) be the third derivative of -a**4/12 - 2*a**3/3 - 2*a**2. Calculate k(-4).
4
Let w(g) be the third derivative of 7*g**2 + 0*g + 1/6*g**3 + 0 - 1/24*g**4. Let t(p) = 6*p**2 + p. Let d be t(-1). Calculate w(d).
-4
Suppose -3*d + 1 = -11. Let j(c) = 3*c**2 + 16*c - 2. Let f(p) = -2*p**2 - 8*p + 1. Let y(i) = -5*f(i) - 3*j(i). Give y(d).
-15
Let k(q) = q**2 + 2*q - 2. Let s be k(-3). Let d be s/2*(5 + -1). Let n(b) = -4*b + b + b - 2 + 3*b**2 - b**3. Calculate n(d).
-2
Let b(i) = 3*i**3 - i**2 + i. Let x be b(1). Suppose x*o - 7 + 28 = 0. Let f(w) = 4*w - 4. Let j(g) = g - 1. Let z(u) = o*j(u) + 2*f(u). What is z(-3)?
-4
Suppose -40 = l + 4*l. Let c = l - -8. Let w(z) = z**3 + z**2. Calculate w(c).
0
Let v(o) = 0*o + 6 - 2*o + o. Suppose -3*c - c + 8 = 0. Let i be 4/(-6) - c/(-3). Give v(i).
6
Let z(d) = d**3 - d. Suppose -3 = -t - 4, -r + 4*t = -9. Let s be r/(-10) + (-3)/(-2). Give z(s).
0
Let c(w) = 5*w**2 + w**3 + 0*w**3 + 3*w - 7 + 2*w**2. What is c(-6)?
11
Let q be (1/(-4))/((-5)/20). Let k be (-35)/(-28)*(-5 + q). Let a(w) = -w - 4. Calculate a(k).
1
Let l(u) = -u**3 - 4*u**2 - 5*u - 2. Suppose -3*j - 3 = 2*s, 0*s = -s + j - 4. Give l(s).
4
Let x(a) be the first derivative of a + 0*a**2 - 2 + 1/2*a**4 + 0*a**3. Determine x(1).
3
Let r(z) be the second derivative of -z**5/20 - 5*z**4/12 - z**3/2 - 5*z**2/2 + 2*z + 15. Determine r(-4).
-9
Let b(z) = z**2 - 2*z**2 + z**3 + 1 - z + 3. Let s(w) = 5*w - 3. Let q(h) = 14*h - 8. Let i(k) = 4*q(k) - 11*s(k). Let n be i(-1). Determine b(n).
4
Let n be ((-2)/3)/((-3)/27). Let y be 3 + (-2 - n) + -1. Let d(t) = -t. Determine d(y).
6
Let t(q) = 6*q**2 - 1. Suppose -9*y + 6*y = 3. Give t(y).
5
Let k = -44 - -39. Let j(z) = 3*z + 3. Determine j(k).
-12
Suppose 365 = -4*b - 3*c, b = 2*b + 2*c + 90. Let p be b/28 - 6/(-21). Let a(d) = -2*d - 4. Determine a(p).
2
Let i(q) = 127 - 125 + 0*q**2 + q**2 - q**3 + 3*q. What is i(-2)?
8
Let f(u) = u**3 - 5*u**2 + 7. Let d = 19 + -14. Calculate f(d).
7
Let u(p) = p**3 - 2*p**2 - 4*p + 2. Suppose 2*d + 11 = -2*d + 5*f, 5*d = -3*f - 23. Let q(g) = -2*g - 5. Let k be q(d). What is u(k)?
-1
Let k = -3 + 5. Let u(h) = -2*h**k - h + 7*h**2 - 1 + 2 - h**3 - 6. What is u(4)?
7
Suppose -5*q = 2*u + 14, -q - u + 11 = 4*u. Let i(m) be the second derivative of m**5/20 + m**4/3 + m**3/6 - 5*m**2/2 - 2*m. Determine i(q).
-9
Let b be -1 - -3 - (-2)/2. Suppose -4*t = -v + 3, -b*t - 4*v = -t + 6. Let o(d) = d**2 - d - 1. What is o(t)?
1
Let f(k) = 9*k + 4. Let g(m) = -19*m - 8. Let u(i) = 13*f(i) + 6*g(i). Let j be 55/(-10) - 3/(-6). Determine u(j).
-11
Suppose -3*w - 4 = -16. Let k(b) = -w - b**3 - b**2 + 2 + 1 + 2. Let i(c) = 2*c**2 - 1. Let m be i(-1). Give k(m).
-1
Let v(m) = 13*m + 1. Suppose 2*l - 9 = 3*f, -3*f + 1 = 2*l - 2. Calculate v(f).
-12
Let a(h) = -h**2 - 14*h + 3. Let w(k) = k - 1. Let b(j) = a(j) + 3*w(j). Calculate b(-11).
0
Let w = 8 - 13. Let q(o) be the first derivative of o**3/3 + 3*o**2/2 - o - 42. What is q(w)?
9
Suppose 17 = -3*r + 5*z, 4*r + z + 2*z = -71. Let l = r + 14. Let j(w) = -w - 6. Give j(l).
-6
Let l(q) be the second derivative of q**4/4 + q**3/6 - 28*q. Let f b